 of n(b).
3, 7
Let f(p) = -3*p**2 + 5 - 5*p**2 + 3*p**2 - 6*p - 2*p**2. Let y be f(4). Let h = y + 185. What are the prime factors of h?
2, 3
Let d = 13 + 0. Let h = d + 9. What are the prime factors of h?
2, 11
Let g = -5 - -8. Let v(a) = g*a + 13*a**2 - a - 8*a**2 - 7. List the prime factors of v(4).
3
Let r(n) be the first derivative of -n**4/4 + 13*n**3/3 + 15*n**2/2 + 6*n - 39. Let w = 13 - -1. What are the prime factors of r(w)?
2, 5
Let l(n) = 60*n**2 - 48*n + 316. List the prime factors of l(7).
2, 5, 73
Let q = 15 - 14. Let l(o) = 5*o**2 + 36*o**3 + o + q + 6 - 35*o**3. What are the prime factors of l(-5)?
2
What are the prime factors of (-12)/6*-1*472/2?
2, 59
Suppose -27*l + 660 = -21*l. List the prime factors of l.
2, 5, 11
Suppose -258*l = -261*l. Let f be 3/((-12)/7)*-4. Suppose -f*b + b + 36 = l. What are the prime factors of b?
2, 3
Let a be (2 + -4 - -1 - 1) + -4. List the prime factors of (4 + 268/8)*(-4)/a.
5
Suppose 64 = -2*v - 16. Let r be ((-24)/v)/((-2)/(-10)). Suppose -109 = -3*j - d, -2*d - 93 = -r*j + d. List the prime factors of j.
5, 7
Suppose -s - j + 21 = 3*s, -2*s = j - 13. Let w be -3*(-1*s + 3). Suppose p + 5*q - 12 = 0, 2*p - w*q = -0*p + 24. What are the prime factors of p?
2, 3
Suppose -3*t + c + 46 = 0, 2*t - 33 = 3*c - 0*c. Let j = t + -32. Let u = j - -39. What are the prime factors of u?
2, 11
Let a(w) = -w**2 + 2*w + 6. Let r be a(3). List the prime factors of ((-183)/(-1*r))/(4/8).
2, 61
Suppose 28 = -4*r + 368. Let g = -36 + -13. Let t = g + r. List the prime factors of t.
2, 3
Let b(y) = -y**2 - 11*y + 25. Let g be b(-12). Let u = g - -59. List the prime factors of u.
2, 3
What are the prime factors of -30*(948/(-32) - (-1)/8)?
3, 5, 59
Let q = 557 - 305. What are the prime factors of q?
2, 3, 7
Let l(q) = 21*q + 16. Suppose -58 = -5*s - 33. What are the prime factors of l(s)?
11
Suppose -2*q + 1421 + 7 = 0. List the prime factors of q.
2, 3, 7, 17
Let g = -1674 + 3228. List the prime factors of g.
2, 3, 7, 37
Suppose 226*v - 3364 = 224*v. What are the prime factors of v?
2, 29
Let c be 182/(-35) + (-3)/(-15). List the prime factors of (-7 + 2)/c*5.
5
Suppose 4*l - 5696 = 344. What are the prime factors of l?
2, 5, 151
Let v = 1539 - 789. What are the prime factors of v?
2, 3, 5
Let n(p) = -17*p + 19. List the prime factors of n(-2).
53
Let x(p) = 2*p - 9. Let u be x(7). Suppose -u*y - 225 = -5*f, y + 3*f + 16 = -21. Let t = y - -84. What are the prime factors of t?
41
Let q(z) = z**3 - 8*z**2 + 8*z - 3. Let x = -14 - -21. Let d be q(x). Suppose -d = -2*f - 0*f. List the prime factors of f.
2
Suppose 11*c + 7288 = 57591. What are the prime factors of c?
17, 269
Suppose 2*s = -3 + 1. Let t be 0/s - (-328 + 10). Suppose 5*x = -x + t. What are the prime factors of x?
53
What are the prime factors of (708 - -2) + 1 - (-30)/15?
23, 31
Suppose 19 = -3*a + 121. What are the prime factors of 8*(-4)/(-16)*a?
2, 17
Let y(k) = -k**2 + 8*k - 10. Let v be y(6). Suppose 0*n - 3*n + v*t = -119, -2*n - t + 84 = 0. Let z = -19 + n. What are the prime factors of z?
2, 11
Let c be ((-5)/(-15))/(2/12). Suppose 0 = -3*l + c*k - 3*k + 42, l - 30 = 5*k. Suppose 0 = 3*y + 3*d - 99, -2*d = -y + 24 + l. What are the prime factors of y?
5, 7
Let c = -25 - -25. Suppose 0 = 2*n + a - 19, c = -3*n - 0*n + 4*a + 45. What are the prime factors of n?
11
Suppose 0 = m - 4*h + 4, -5*m - 13 = 3*h + 7. List the prime factors of 5 + (-1 + -4 - m).
2
Let y = 230 + -575. Let f = -216 - y. List the prime factors of f.
3, 43
Let v(z) = -z**3 + 16*z**2 - 16*z - 6. Let b be v(15). Let k be ((-36)/10)/(b/70). Let d(c) = 5*c - 9. What are the prime factors of d(k)?
3, 17
Let g = 6 - 4. Let b(w) = g*w + 2*w - 13 + 8 + w**2. What are the prime factors of b(-7)?
2
Let w(p) = -p**2 + 6*p + 2. Let c be w(6). Suppose 4*i + t - 10 = c, 2*t + 24 = 4*i. Suppose b - 4*d = 28, b - i = -0*b - 2*d. What are the prime factors of b?
2, 3
Suppose -2426 = -5*g - x, -1453 = -3*g + 3*x - x. List the prime factors of g.
5, 97
Let u(o) = -5 + 4 + 9*o + 12*o. List the prime factors of u(3).
2, 31
Let p(b) = b**2 - 4*b. Let t be p(0). Suppose t = -4*s - 5*c + 299, c = s - c - 91. List the prime factors of s.
3
Let l = 167 - 61. What are the prime factors of 4 - l/(-4 + 2)?
3, 19
Suppose -115*m + 1920 = -103*m. What are the prime factors of m?
2, 5
Let t be (-159)/6*(6*-1 - -4). Suppose 5*h + t = 323. List the prime factors of h.
2, 3
Let a(k) be the first derivative of -k**4/2 + 2*k**3 + 5*k**2/2 - 4*k - 1. List the prime factors of a(-3).
89
Suppose -w - 4*w + 5*z = 5, -5*z = 4*w - 41. Suppose w*h - 5 = -21. Let p = 19 - h. List the prime factors of p.
23
Let j be -3 + 4 + 3 - -452. Suppose -5*i = k - 576, 2*k = -3*i - i + j. What are the prime factors of i?
2, 29
Let n = 2042 + -1444. What are the prime factors of n?
2, 13, 23
Let v(i) = 14*i**2 + 5*i + 34. Let p(m) = -5*m**2 - 2*m - 11. Let u(o) = -17*p(o) - 6*v(o). List the prime factors of u(-9).
2, 7
Suppose -2*g - 791 = -2*h + 43, -2*g - 2076 = -5*h. What are the prime factors of h?
2, 3, 23
Let p(m) = m**3 + 4*m**2 + m - 4. Let c be p(-2). Suppose 5*l - 418 = c*l + 5*u, -u = 5*l - 734. List the prime factors of l.
2, 73
Suppose 5*b - 3 = 12. Suppose -2*m + m = b*k - 243, -m + 258 = -2*k. Suppose -5*u + 8*u - m = 0. List the prime factors of u.
2, 3, 7
Let g = 135 - 68. Suppose 0*n + g = n + 2*w, 0 = n - w - 67. List the prime factors of n.
67
Let l = -7 + 4. What are the prime factors of (-388)/l - (-3)/(-9)?
3, 43
Let d(s) = s - 8. Let p be d(-10). Let i = p - -131. What are the prime factors of i?
113
Let p = -19 - -6. Let r = -11 - p. Suppose -30 = -m + w + r*w, m = w + 22. List the prime factors of m.
2, 3
Suppose -4*r + 7*r + 24 = 0. Let w be r/(-12)*-2*3. List the prime factors of (-24)/(-9)*(-42)/w.
2, 7
Let x = 79 - -97. List the prime factors of x.
2, 11
Suppose z + 2*d = -0*d + 271, 5*d = 4*z - 1084. List the prime factors of z.
271
Suppose 16 = 6*a - 20. Suppose 0 = 4*w - a*w - 10, 91 = 3*r - 5*w. Suppose 0 = -7*t + 5*t + r. List the prime factors of t.
11
Suppose 0 = -3*o + 2*o - 4. Let x = 65 + o. List the prime factors of x.
61
Suppose -4*y = 24 - 0. List the prime factors of (1 - -7) + ((-60)/5)/y.
2, 5
Suppose u - 3*n - n - 107 = 0, -4*n = 0. Suppose 0 = -3*o + u + 28. What are the prime factors of o?
3, 5
Suppose c - 49*v + 50*v - 1749 = 0, 2*c - 3*v = 3503. List the prime factors of c.
2, 5, 7
Let z(u) = 28*u - 11. Let n be z(-5). Let b = 142 - n. List the prime factors of b.
293
Suppose p = 4*y + 2843, y + 2 - 7 = 0. What are the prime factors of p?
7, 409
Suppose -5*m = 4*w - 6220, -7*m - 3110 = -2*w - 6*m. List the prime factors of w.
5, 311
Suppose -q = q - 4*f + 4, 0 = 2*q + 4*f - 4. Let u be q/(-4 - (-1 + -1)). Suppose u = -4*j + j + 27. List the prime factors of j.
3
Let k = -15 - -19. Suppose 0 = 4*m + 8, -k*m + 77 = 2*c - 45. List the prime factors of c.
5, 13
Suppose -4*j + 18177 + 6399 = 0. What are the prime factors of j?
2, 3
Suppose 18*c = 253 + 9521. List the prime factors of c.
3, 181
Let g(m) = -m**3 - 21*m**2 + 23*m + 20. Let q be g(-22). List the prime factors of -5 + (3 - -30) + q.
2, 13
Suppose -2*h + 3*i + 89 + 119 = 0, -4*i - 99 = -h. Let y = 213 - h. List the prime factors of y.
2, 53
Suppose 5*g + 71 = 266. Suppose 0 = -4*a + 45 + g. Suppose 0 = -n + 2*b + a, 2*n + 2*b - b - 22 = 0. List the prime factors of n.
13
Suppose 4*b - 2 = -10. List the prime factors of (-44)/(-33)*(-204)/b.
2, 17
Let d = -25 - -44. Suppose 3*p = -2*t + 17, 4*t - p - d + 6 = 0. Suppose 4*u + 61 = 2*x + u, t*x - 3*u - 119 = 0. List the prime factors of x.
29
Suppose 31*o - 5*o - 88036 = 0. List the prime factors of o.
2, 1693
Let p = 31 - -43. Let c = p + -19. Suppose m - 5*m = -3*h + c, -4*h + 60 = -2*m. List the prime factors of h.
13
Suppose -3*u + 0*u + 4*l = -20, -u + 2*l + 8 = 0. Let d = 6 - u. Suppose -5*t + 34 = 3*w, -3 = d*t - 13. What are the prime factors of w?
3
Suppose -m + 6 = m. Suppose -m*u = -2*u - 131. Suppose 0*n - 2*n + 53 = f, 4*f - u = -5*n. What are the prime factors of n?
3
Suppose 9 = 2*l + 2*l + 3*q, -3*q - 3 = 0. List the prime factors of (3/2)/(l/52).
2, 13
Let c be (-2)/(-8) - (-1)/(-4). Let w = -161 + 165. Suppose c = w*b - b - 30. What are the prime factors 